{"id":42,"date":"2018-10-09T08:05:52","date_gmt":"2018-10-09T05:05:52","guid":{"rendered":"http:\/\/anchor.themeshop.co\/?page_id=42"},"modified":"2020-12-05T14:42:14","modified_gmt":"2020-12-05T11:42:14","slug":"neler-yaptik","status":"publish","type":"page","link":"https:\/\/ajansicon.com.tr\/?page_id=42&lang=en","title":{"rendered":"What Have We Done?"},"content":{"rendered":"","protected":false},"excerpt":{"rendered":"","protected":false},"author":1,"featured_media":0,"parent":0,"menu_order":0,"comment_status":"closed","ping_status":"closed","template":"page-portfolio.php","meta":[],"lang":"en","translations":{"en":42},"yoast_head":"<!-- This site is optimized with the Yoast SEO Premium plugin v15.2 - https:\/\/yoast.com\/wordpress\/plugins\/seo\/ -->\n<title>What Have We Done? | Icon Creative Agency<\/title>\n<meta name=\"description\" content=\"Icon Creative Agency Kurumsal kimlik, web tasar\u0131m ve sosyal medya y\u00f6netiminde yarat\u0131c\u0131, sonu\u00e7 odakl\u0131 \u00e7\u00f6z\u00fcmler sunuyoruz. Portf\u00f6y\u00fc inceleyin, \u00fccretsiz ke\u015fif planlay\u0131n.\" \/>\n<meta name=\"robots\" content=\"index, follow, max-snippet:-1, max-image-preview:large, max-video-preview:-1\" \/>\n<link rel=\"canonical\" href=\"https:\/\/ajansicon.com.tr\/?page_id=42&#038;lang=en\" \/>\n<meta property=\"og:locale\" content=\"tr_TR\" \/>\n<meta property=\"og:type\" content=\"article\" \/>\n<meta property=\"og:title\" content=\"What Have We Done? | Icon Creative Agency\" \/>\n<meta property=\"og:description\" content=\"Icon Creative Agency Kurumsal kimlik, web tasar\u0131m ve sosyal medya y\u00f6netiminde yarat\u0131c\u0131, sonu\u00e7 odakl\u0131 \u00e7\u00f6z\u00fcmler sunuyoruz. Portf\u00f6y\u00fc inceleyin, \u00fccretsiz ke\u015fif planlay\u0131n.\" \/>\n<meta property=\"og:url\" content=\"https:\/\/ajansicon.com.tr\/?page_id=42&amp;lang=en\" \/>\n<meta property=\"og:site_name\" content=\"Icon Creative Agency\" \/>\n<meta property=\"article:publisher\" content=\"https:\/\/www.facebook.com\/ajansicon\" \/>\n<meta property=\"article:modified_time\" content=\"2020-12-05T11:42:14+00:00\" \/>\n<meta property=\"og:image\" content=\"https:\/\/ajansicon.com.tr\/wp-content\/uploads\/2020\/10\/icon-ajans-logo.png\" \/>\n\t<meta property=\"og:image:width\" content=\"438\" \/>\n\t<meta property=\"og:image:height\" content=\"196\" \/>\n<meta name=\"twitter:card\" content=\"summary_large_image\" \/>\n<meta name=\"twitter:label1\" value=\"Yazan:\">\n\t<meta name=\"twitter:data1\" value=\"bedirxan\">\n<script type=\"application\/ld+json\" class=\"yoast-schema-graph\">{\"@context\":\"https:\/\/schema.org\",\"@graph\":[{\"@type\":\"Organization\",\"@id\":\"https:\/\/ajansicon.com.tr\/#organization\",\"name\":\"Icon Creative Agency\",\"url\":\"https:\/\/ajansicon.com.tr\/\",\"sameAs\":[\"https:\/\/www.facebook.com\/ajansicon\",\"https:\/\/www.instagram.com\/ajansicon\/\",\"https:\/\/youtube.com\/channel\/UCN8BBycOXdRO1-v8g9KvgxQ\"],\"logo\":{\"@type\":\"ImageObject\",\"@id\":\"https:\/\/ajansicon.com.tr\/#logo\",\"inLanguage\":\"tr\",\"url\":\"https:\/\/ajansicon.com.tr\/wp-content\/uploads\/2020\/10\/icon-ajans-logo.png\",\"width\":438,\"height\":196,\"caption\":\"Icon Creative Agency\"},\"image\":{\"@id\":\"https:\/\/ajansicon.com.tr\/#logo\"}},{\"@type\":\"WebSite\",\"@id\":\"https:\/\/ajansicon.com.tr\/#website\",\"url\":\"https:\/\/ajansicon.com.tr\/\",\"name\":\"Icon Creative Agency\",\"description\":\"\",\"publisher\":{\"@id\":\"https:\/\/ajansicon.com.tr\/#organization\"},\"potentialAction\":[{\"@type\":\"SearchAction\",\"target\":\"https:\/\/ajansicon.com.tr\/?s={search_term_string}\",\"query-input\":\"required name=search_term_string\"}],\"inLanguage\":\"tr\"},{\"@type\":\"WebPage\",\"@id\":\"https:\/\/ajansicon.com.tr\/?page_id=42&lang=en#webpage\",\"url\":\"https:\/\/ajansicon.com.tr\/?page_id=42&lang=en\",\"name\":\"What Have We Done? | Icon Creative Agency\",\"isPartOf\":{\"@id\":\"https:\/\/ajansicon.com.tr\/#website\"},\"datePublished\":\"2018-10-09T05:05:52+00:00\",\"dateModified\":\"2020-12-05T11:42:14+00:00\",\"description\":\"Icon Creative Agency Kurumsal kimlik, web tasar\\u0131m ve sosyal medya y\\u00f6netiminde yarat\\u0131c\\u0131, sonu\\u00e7 odakl\\u0131 \\u00e7\\u00f6z\\u00fcmler sunuyoruz. Portf\\u00f6y\\u00fc inceleyin, \\u00fccretsiz ke\\u015fif planlay\\u0131n.\",\"breadcrumb\":{\"@id\":\"https:\/\/ajansicon.com.tr\/?page_id=42&lang=en#breadcrumb\"},\"inLanguage\":\"tr\",\"potentialAction\":[{\"@type\":\"ReadAction\",\"target\":[\"https:\/\/ajansicon.com.tr\/?page_id=42&lang=en\"]}]},{\"@type\":\"BreadcrumbList\",\"@id\":\"https:\/\/ajansicon.com.tr\/?page_id=42&lang=en#breadcrumb\",\"itemListElement\":[{\"@type\":\"ListItem\",\"position\":1,\"item\":{\"@type\":\"WebPage\",\"@id\":\"https:\/\/ajansicon.com.tr\/?page_id=42&lang=en\",\"url\":\"https:\/\/ajansicon.com.tr\/?page_id=42&lang=en\",\"name\":\"What Have We Done?\"}}]}]}<\/script>\n<!-- \/ Yoast SEO Premium plugin. -->","pll_sync_post":[],"_links":{"self":[{"href":"https:\/\/ajansicon.com.tr\/index.php?rest_route=\/wp\/v2\/pages\/42"}],"collection":[{"href":"https:\/\/ajansicon.com.tr\/index.php?rest_route=\/wp\/v2\/pages"}],"about":[{"href":"https:\/\/ajansicon.com.tr\/index.php?rest_route=\/wp\/v2\/types\/page"}],"author":[{"embeddable":true,"href":"https:\/\/ajansicon.com.tr\/index.php?rest_route=\/wp\/v2\/users\/1"}],"replies":[{"embeddable":true,"href":"https:\/\/ajansicon.com.tr\/index.php?rest_route=%2Fwp%2Fv2%2Fcomments&post=42"}],"version-history":[{"count":5,"href":"https:\/\/ajansicon.com.tr\/index.php?rest_route=\/wp\/v2\/pages\/42\/revisions"}],"predecessor-version":[{"id":755,"href":"https:\/\/ajansicon.com.tr\/index.php?rest_route=\/wp\/v2\/pages\/42\/revisions\/755"}],"wp:attachment":[{"href":"https:\/\/ajansicon.com.tr\/index.php?rest_route=%2Fwp%2Fv2%2Fmedia&parent=42"}],"curies":[{"name":"wp","href":"https:\/\/api.w.org\/{rel}","templated":true}]}}